{"id":345,"date":"2020-11-19T17:35:04","date_gmt":"2020-11-19T20:35:04","guid":{"rendered":"https:\/\/lidmaexactasunlp.wordpress.com\/?page_id=345"},"modified":"2025-07-18T18:13:38","modified_gmt":"2025-07-18T21:13:38","slug":"servicios","status":"publish","type":"page","link":"https:\/\/lidma.exactas.unlp.edu.ar\/index.php\/servicios\/","title":{"rendered":"Servicios anal\u00edticos"},"content":{"rendered":"\n<hr class=\"wp-block-separator has-alpha-channel-opacity is-style-wide\"\/>\n\n\n\n<p class=\"has-text-align-center\">El Laboratorio ofrece servicios anal\u00edticos a terceros en base a demandas espec\u00edficas del sector p\u00fablico o privado. Se realizan an\u00e1lisis cuantitativos y cualitativos de compuestos org\u00e1nicos e inorg\u00e1nicos en distintas matrices, mediante t\u00e9cnicas de cromatograf\u00eda de l\u00edquidos, cromatograf\u00eda de gases y m\u00e9todos espectrosc\u00f3picos (UV-Vis y fluorescencia). <\/p>\n\n\n\n<hr class=\"wp-block-separator has-alpha-channel-opacity is-style-wide\"\/>\n\n\n\n<h4 class=\"wp-block-heading\">Tipo de Muestras<\/h4>\n\n\n\n<ul class=\"wp-block-list\">\n<li><strong>Alimentos y derivados:<\/strong>\n<ul class=\"wp-block-list\">\n<li>Miel y prop\u00f3leos<\/li>\n\n\n\n<li>Stevia<\/li>\n\n\n\n<li>Carne<\/li>\n\n\n\n<li>Vegetales y hortalizas <\/li>\n<\/ul>\n<\/li>\n<\/ul>\n\n\n\n<p><\/p>\n\n\n\n<ul class=\"wp-block-list\">\n<li><strong>Cannabis:<\/strong>\n<ul class=\"wp-block-list\">\n<li>Flores y cogollos<\/li>\n\n\n\n<li>Resinas<\/li>\n\n\n\n<li>Aceites<\/li>\n<\/ul>\n<\/li>\n<\/ul>\n\n\n\n<p><\/p>\n\n\n\n<ul class=\"wp-block-list\">\n<li><strong>Muestras ambientales<\/strong>\n<ul class=\"wp-block-list\">\n<li>Aguas <\/li>\n\n\n\n<li>Suelos<\/li>\n<\/ul>\n<\/li>\n<\/ul>\n\n\n\n<p><\/p>\n\n\n\n<ul class=\"wp-block-list\">\n<li><strong>Medicamentos<\/strong>\n<ul class=\"wp-block-list\">\n<li>Principios activos<\/li>\n<\/ul>\n<\/li>\n<\/ul>\n\n\n\n<p><\/p>\n\n\n\n<ul class=\"wp-block-list\">\n<li><strong>Formulados de Pesticidas <\/strong><\/li>\n<\/ul>\n\n\n\n<p><\/p>\n\n\n\n<ul class=\"wp-block-list\">\n<li><strong>Productos industriales y derivados del petr\u00f3leo<\/strong><\/li>\n<\/ul>\n\n\n\n<figure class=\"wp-block-image size-large\"><img loading=\"lazy\" decoding=\"async\" width=\"1024\" height=\"467\" src=\"https:\/\/lidma.exactas.unlp.edu.ar\/wp-content\/uploads\/2025\/07\/Sin-titulo-1024x467.png\" alt=\"\" class=\"wp-image-1055\" srcset=\"https:\/\/lidma.exactas.unlp.edu.ar\/wp-content\/uploads\/2025\/07\/Sin-titulo-1024x467.png 1024w, https:\/\/lidma.exactas.unlp.edu.ar\/wp-content\/uploads\/2025\/07\/Sin-titulo-300x137.png 300w, https:\/\/lidma.exactas.unlp.edu.ar\/wp-content\/uploads\/2025\/07\/Sin-titulo-768x350.png 768w, https:\/\/lidma.exactas.unlp.edu.ar\/wp-content\/uploads\/2025\/07\/Sin-titulo.png 1266w\" sizes=\"auto, (max-width: 1024px) 100vw, 1024px\" \/><\/figure>\n\n\n\n<hr class=\"wp-block-separator has-alpha-channel-opacity is-style-wide\"\/>\n\n\n\n<h4 class=\"wp-block-heading\">Ensayos de Laboratorio<\/h4>\n\n\n\n<ul class=\"wp-block-list\">\n<li><strong>Ensayos en alimentos y derivados<\/strong>\n<ul class=\"wp-block-list\">\n<li>Determinaci\u00f3n del perfil de antioxidantes.<\/li>\n\n\n\n<li>Cuantificaci\u00f3n de flavonoides.<\/li>\n\n\n\n<li>Determinaci\u00f3n del \u00edndice de oxidaci\u00f3n de prop\u00f3leos.<\/li>\n\n\n\n<li>Determinaci\u00f3n de \u00e1cidos grasos, amino\u00e1cidos en muestras alimenticias y biol\u00f3gicas.<\/li>\n<\/ul>\n<\/li>\n<\/ul>\n\n\n\n<p><\/p>\n\n\n\n<ul class=\"wp-block-list\">\n<li><strong>Ensayos composicionales en muestras de cannabis <\/strong>\n<ul class=\"wp-block-list\">\n<li>Identificaci\u00f3n y cuantificaci\u00f3n de cannabinoides en flores, aceites, resinas y extractos alcoh\u00f3licos.<br>d9-THC, THCA, CBD, CBDA, CBG, CBN<\/li>\n\n\n\n<li>Determinaci\u00f3n de flavonoides y perfiles de antioxidantes en aceites de cannabis.<\/li>\n\n\n\n<li>Determinaci\u00f3n de terpenos en terpenos y otras muestras de origen vegetal.<\/li>\n<\/ul>\n<\/li>\n<\/ul>\n\n\n\n<p><\/p>\n\n\n\n<ul class=\"wp-block-list\">\n<li><strong>Ensayos en muestras ambientales<\/strong>\n<ul class=\"wp-block-list\">\n<li>Determinaci\u00f3n de hidrocarburos alif\u00e1ticos e hidrocarburos polic\u00edclicos arom\u00e1ticos en extractos de muestras de suelos<\/li>\n\n\n\n<li>Cuantificaci\u00f3n de BTEX (benceno, tolueno, etilbenceno y xilenos) en muestras de agua.<\/li>\n<\/ul>\n<\/li>\n<\/ul>\n\n\n\n<p><\/p>\n\n\n\n<ul class=\"wp-block-list\">\n<li><strong>Ensayos en medicamentos y estandares<\/strong>\n<ul class=\"wp-block-list\">\n<li>An\u00e1lisis de la composici\u00f3n enantiom\u00e9rica de ibuprofeno.<\/li>\n\n\n\n<li>Determinaci\u00f3n de cobre en principio activo de s\u00edntesis.<\/li>\n<\/ul>\n<\/li>\n<\/ul>\n\n\n\n<p><\/p>\n\n\n\n<ul class=\"wp-block-list\">\n<li><strong>Ensayos en formulados de pesticidas<\/strong>\n<ul class=\"wp-block-list\">\n<li>Determinaci\u00f3n de la presi\u00f3n de vapor de principios activos en formulado de pesticidas.<\/li>\n\n\n\n<li>Determinaci\u00f3n cuantitativa de principio activo en formulados.<\/li>\n\n\n\n<li>Control de procesos industriales: Estudio del efecto de la temperatura (tratamiento t\u00e9rmico) y\/o solvente en el principio activo de formulados.<\/li>\n\n\n\n<li>Determinaci\u00f3n de la concentraci\u00f3n residuales de principios activos de agroqu\u00edmicos en muestras de formulados diluidos, sujetas a evaporaci\u00f3n controlada.<\/li>\n\n\n\n<li>Estimaci\u00f3n de la presi\u00f3n de vapor de&nbsp;agroqu\u00edmicos de baja volatilidad: Desarrollo y aplicaci\u00f3n de la metodolog\u00eda de an\u00e1lisis.<\/li>\n\n\n\n<li>Estudio de la cin\u00e9tica de evaporaci\u00f3n de agroqu\u00edmicos.<\/li>\n<\/ul>\n<\/li>\n<\/ul>\n\n\n\n<p><\/p>\n\n\n\n<ul class=\"wp-block-list\">\n<li><strong>Ensayos en muestras derivadas del petr\u00f3leo<\/strong>\n<ul class=\"wp-block-list\">\n<li>Determinaci\u00f3n de hidrocarburos en extractos hexan\u00f3icos (GRO, DRO y TPH)<\/li>\n<\/ul>\n<\/li>\n<\/ul>\n\n\n\n<p><\/p>\n\n\n\n<ul class=\"wp-block-list\">\n<li><strong>Ensayos en muestras industriales<\/strong>\n<ul class=\"wp-block-list\">\n<li>An\u00e1lisis de control de calidad de aceites de laminaci\u00f3n de aluminio en fr\u00edo.<\/li>\n\n\n\n<li>Determinaci\u00f3n de compuestos arom\u00e1ticos en aceites de laminaci\u00f3n.<\/li>\n\n\n\n<li>Determinaci\u00f3n de cloritos en muestras industriales.<\/li>\n\n\n\n<li>Cuantificaci\u00f3n de hidrocarburos poliarom\u00e1ticos (HPAs).<\/li>\n<\/ul>\n<\/li>\n<\/ul>\n\n\n\n<p><\/p>\n\n\n\n<ul class=\"wp-block-list\">\n<li><strong>Otros servicios<\/strong>\n<ul class=\"wp-block-list\">\n<li>Utilizaci\u00f3n de m\u00e9todos est\u00e1ndar para el an\u00e1lisis cualitativo o cuantitativo de distintos compuestos.<\/li>\n\n\n\n<li>Obtenci\u00f3n de espectros de masas.<\/li>\n\n\n\n<li>Desarrollo de m\u00e9todos de an\u00e1lisis a medida para el control de procesos industriales.<\/li>\n\n\n\n<li>Desarrollo de m\u00e9todos para el tratamiento de muestra (extracci\u00f3n\/concentraci\u00f3n) previo a an\u00e1lisis por m\u00e9todos de an\u00e1lisis ya establecidos.<\/li>\n\n\n\n<li>Desarrollo de m\u00e9todos de an\u00e1lisis completos: tratamiento de muestra y an\u00e1lisis instrumental.<\/li>\n\n\n\n<li>Desarrollo de tecnolog\u00edas espec\u00edficas: sistemas de extracci\u00f3n, columnas cromatogr\u00e1ficas de cromatograf\u00eda de gases convencionales y quirales, desarrollo de celdas y sensores \u00f3pticos.<\/li>\n\n\n\n<li>Medici\u00f3n de algunas propiedades fisicoqu\u00edmicas espec\u00edficas: constantes de acidez (pKa) en agua o en solvente, constantes de complejaci\u00f3n o de uni\u00f3n, presiones de vapor, entre otros.<\/li>\n\n\n\n<li>Formulaci\u00f3n de medios complejos para separaciones por electroforesis capilar.<\/li>\n\n\n\n<li>Desarrollo de modelos de optimizaci\u00f3n multi-param\u00e9trica.<\/li>\n\n\n\n<li>Validaci\u00f3n de m\u00e9todos de an\u00e1lisis.<\/li>\n<\/ul>\n<\/li>\n<\/ul>\n\n\n\n<div class=\"wp-block-columns is-layout-flex wp-container-core-columns-is-layout-28f84493 wp-block-columns-is-layout-flex\">\n<div class=\"wp-block-column is-layout-flow wp-block-column-is-layout-flow\" style=\"flex-basis:100%\">\n<div class=\"wp-block-group is-vertical is-layout-flex wp-container-core-group-is-layout-fe9cc265 wp-block-group-is-layout-flex\">\n<p><strong> EMPRESAS Y CENTROS SOLICITANTES: <\/strong><\/p>\n\n\n\n<ul id=\"block-a7e7281a-fbb1-475c-97f3-3afd4161b05d\" class=\"wp-block-list\">\n<li>Surgenetics<\/li>\n\n\n\n<li>Aluar SA<\/li>\n\n\n\n<li>RedSurcos SA<\/li>\n\n\n\n<li>Laboratorios Bag\u00f3<\/li>\n\n\n\n<li>AGM SA<\/li>\n\n\n\n<li>Dow Agroscience Argentina<\/li>\n\n\n\n<li>Parsecs<\/li>\n\n\n\n<li>Gleba SA<\/li>\n\n\n\n<li>Santiago Saenz SA<\/li>\n\n\n\n<li>Anal\u00edtica Servicios Bioqu\u00edmicos<\/li>\n<\/ul>\n<\/div>\n<\/div>\n<\/div>\n\n\n\n<p><strong>INSTITUCIONES SOLICITANTES:<\/strong><\/p>\n\n\n\n<ul id=\"block-a7e7281a-fbb1-475c-97f3-3afd4161b05d\" class=\"wp-block-list\">\n<li>CIM UNLP<\/li>\n\n\n\n<li>CIDCA UNLP<\/li>\n\n\n\n<li>CINDECA<\/li>\n\n\n\n<li>CETMIC<\/li>\n<\/ul>\n\n\n\n<p><\/p>\n\n\n\n<p><strong>Para consultas y presupuestos, contactarse a:<em>\u00a0lidma@exactas.unlp.edu.ar<\/em><\/strong><\/p>\n\n\n\n<p><\/p>\n","protected":false},"excerpt":{"rendered":"<p>El Laboratorio ofrece servicios anal\u00edticos a terceros en base a demandas espec\u00edficas del sector p\u00fablico o privado. Se realizan an\u00e1lisis cuantitativos y cualitativos de compuestos org\u00e1nicos e inorg\u00e1nicos en distintas matrices, mediante t\u00e9cnicas de cromatograf\u00eda de l\u00edquidos, cromatograf\u00eda de gases y m\u00e9todos espectrosc\u00f3picos (UV-Vis y fluorescencia). Tipo de Muestras Ensayos de Laboratorio EMPRESAS Y CENTROS<a class=\"more-link\" href=\"https:\/\/lidma.exactas.unlp.edu.ar\/index.php\/servicios\/\">Continue reading <span class=\"screen-reader-text\">&#8220;Servicios anal\u00edticos&#8221;<\/span><\/a><\/p>\n","protected":false},"author":2,"featured_media":0,"parent":0,"menu_order":0,"comment_status":"closed","ping_status":"closed","template":"","meta":{"footnotes":""},"class_list":["post-345","page","type-page","status-publish","hentry","entry"],"_links":{"self":[{"href":"https:\/\/lidma.exactas.unlp.edu.ar\/index.php\/wp-json\/wp\/v2\/pages\/345","targetHints":{"allow":["GET"]}}],"collection":[{"href":"https:\/\/lidma.exactas.unlp.edu.ar\/index.php\/wp-json\/wp\/v2\/pages"}],"about":[{"href":"https:\/\/lidma.exactas.unlp.edu.ar\/index.php\/wp-json\/wp\/v2\/types\/page"}],"author":[{"embeddable":true,"href":"https:\/\/lidma.exactas.unlp.edu.ar\/index.php\/wp-json\/wp\/v2\/users\/2"}],"replies":[{"embeddable":true,"href":"https:\/\/lidma.exactas.unlp.edu.ar\/index.php\/wp-json\/wp\/v2\/comments?post=345"}],"version-history":[{"count":34,"href":"https:\/\/lidma.exactas.unlp.edu.ar\/index.php\/wp-json\/wp\/v2\/pages\/345\/revisions"}],"predecessor-version":[{"id":1067,"href":"https:\/\/lidma.exactas.unlp.edu.ar\/index.php\/wp-json\/wp\/v2\/pages\/345\/revisions\/1067"}],"wp:attachment":[{"href":"https:\/\/lidma.exactas.unlp.edu.ar\/index.php\/wp-json\/wp\/v2\/media?parent=345"}],"curies":[{"name":"wp","href":"https:\/\/api.w.org\/{rel}","templated":true}]}}