{"id":76,"date":"2020-11-18T19:11:51","date_gmt":"2020-11-18T22:11:51","guid":{"rendered":"https:\/\/lidmaexactasunlp.wordpress.com\/?page_id=73"},"modified":"2022-10-18T08:57:25","modified_gmt":"2022-10-18T11:57:25","slug":"infraestructura","status":"publish","type":"page","link":"https:\/\/lidma.exactas.unlp.edu.ar\/index.php\/infraestructura\/","title":{"rendered":"Infraestructura"},"content":{"rendered":"\n<p>El Laboratorio de Investigaci\u00f3n y Desarrollo de M\u00e9todos Anal\u00edticos (LIDMA) de la Facultad de Ciencias Exactas dispone espacio que cumple con las condiciones establecidas de seguridad y requerimientos sanitarios. Se cuenta adem\u00e1s con espacio de oficinas. <\/p>\n\n\n\n<p>El equipamiento disponible en nuestro laboratorio se detalla a continuaci\u00f3n: <\/p>\n\n\n\n<p>&#8211;<strong> Cromat\u00f3grafos de l\u00edquidos Agilent<\/strong>:<\/p>\n\n\n\n<ul class=\"wp-block-list\"><li><strong>Cromat\u00f3grafo de l\u00edquidos 1:<\/strong> cuenta con detector UV de longitud de onda variable y un adquisidor montado en una PC.<\/li><li><strong>Cromat\u00f3grafo de l\u00edquidos 2: <\/strong>con inyector autom\u00e1tico, desgasificador, compartimento termostatizado para dos columnas en paralelo con v\u00e1lvula intercambiadora y detectores DAD y de fluorescencia. <\/li><li><strong>Cromat\u00f3grafo de l\u00edquidos 3:<\/strong> montado para modos LCxLC y \u201cheart-cutting\u201d 2D-LC provisto por una bomba cuaternaria Agilent modelo 1260, Autoinyector 1260, termostatizador de columna (1era. dimensi\u00f3n) y detector DAD 1290, bomba binaria 1290 y de un calefactor de columna 1290 (2da. Dimensi\u00f3n). Se dispone adem\u00e1s de una v\u00e1lvula moduladora para conexi\u00f3n entre dimensiones (v\u00e1lvula de 8 v\u00edas). <\/li><li><strong>Cromat\u00f3grafo de l\u00edquidos 4:<\/strong> adaptado al modo microHPLC y cuenta con bomba binaria, un divisor de flujo, un nanoinyector y detector Agilent 1260 con nanocelda.<\/li><\/ul>\n\n\n\n<figure class=\"wp-block-image size-large is-resized\"><img loading=\"lazy\" decoding=\"async\" src=\"http:\/\/lidma.exactas.unlp.edu.ar\/wp-content\/uploads\/2020\/11\/principal-2.jpg?w=1024\" alt=\"\" class=\"wp-image-132\" width=\"320\" height=\"240\"\/><figcaption><strong>CROMAT\u00d3GRAFO DE L\u00cdQUIDOS 2<\/strong><\/figcaption><\/figure>\n\n\n\n<p>&#8211; Equipo de <strong>electroforesis capilar<\/strong> Lumex con detecci\u00f3n UV\/Vis y conductim\u00e9tria (C4D)<\/p>\n\n\n\n<figure class=\"wp-block-image size-large is-resized\"><img loading=\"lazy\" decoding=\"async\" src=\"http:\/\/lidma.exactas.unlp.edu.ar\/wp-content\/uploads\/2020\/11\/capilar.jpg?w=1024\" alt=\"\" class=\"wp-image-136\" width=\"303\" height=\"227\"\/><figcaption><strong>EQUIPO DE ELECTROFORESIS CAPILAR<\/strong><\/figcaption><\/figure>\n\n\n\n<p>&#8211; <strong>Cromat\u00f3grafos de gases:<\/strong><\/p>\n\n\n\n<ul class=\"wp-block-list\" id=\"block-c80b33c6-2a36-4183-8148-1efe1a64b488\"><li><strong>Cromat\u00f3grafo de gases 1:<\/strong> GC-FID-6890 Plus (HP)<\/li><li><strong>Cromat\u00f3grafo de gases 2: <\/strong>GC-MS-QP2010 Ultra (Shimadzu)<\/li><\/ul>\n\n\n\n<figure class=\"wp-block-image size-large is-resized\"><img loading=\"lazy\" decoding=\"async\" src=\"http:\/\/lidma.exactas.unlp.edu.ar\/wp-content\/uploads\/2020\/11\/cg-ms.jpg?w=1024\" alt=\"\" class=\"wp-image-135\" width=\"307\" height=\"230\"\/><figcaption><strong>CROMAT\u00d3GRAFO DE GASES 2<\/strong><\/figcaption><\/figure>\n\n\n\n<p>&#8211; <strong>Espectrofot\u00f3metro UV-visible<\/strong> (Shimadzu)<\/p>\n\n\n\n<figure class=\"wp-block-image size-large is-resized\"><img loading=\"lazy\" decoding=\"async\" src=\"http:\/\/lidma.exactas.unlp.edu.ar\/wp-content\/uploads\/2021\/04\/espectrofluorometro-1024x768.jpg\" alt=\"\" class=\"wp-image-712\" width=\"300\" height=\"226\" srcset=\"https:\/\/lidma.exactas.unlp.edu.ar\/wp-content\/uploads\/2021\/04\/espectrofluorometro-1024x768.jpg 1024w, https:\/\/lidma.exactas.unlp.edu.ar\/wp-content\/uploads\/2021\/04\/espectrofluorometro-300x225.jpg 300w, https:\/\/lidma.exactas.unlp.edu.ar\/wp-content\/uploads\/2021\/04\/espectrofluorometro-768x576.jpg 768w, https:\/\/lidma.exactas.unlp.edu.ar\/wp-content\/uploads\/2021\/04\/espectrofluorometro.jpg 1032w\" sizes=\"auto, (max-width: 300px) 100vw, 300px\" \/><\/figure>\n\n\n\n<p>&#8211; Equipo de <strong>extracci\u00f3n con solventes por microondas<\/strong> (CEM Mars)<\/p>\n\n\n\n<p>&#8211; Equipo de radiaci\u00f3n UV para <strong>polimerizaci\u00f3n de las columnas monol\u00edticas<\/strong>, CL-1000 UV CROSSLINKER, SW, 8W<\/p>\n\n\n\n<p>&#8211; Equipos para <strong>empaque de columnas<\/strong> de HPLC (Alltech)<\/p>\n\n\n\n<p>&#8211; <strong>Tituladores autom\u00e1ticos<\/strong> Methrom (modelo Titrino) con adquisidor de datos<\/p>\n\n\n\n<p>&#8211; Estaci\u00f3n de <strong>microextracci\u00f3n en fase s\u00f3lida<\/strong><\/p>\n\n\n\n<p>&#8211; <strong>Purificadores de agua<\/strong> (Millipore Simplicity)<\/p>\n\n\n\n<figure class=\"wp-block-image size-large is-resized\"><img loading=\"lazy\" decoding=\"async\" src=\"http:\/\/lidma.exactas.unlp.edu.ar\/wp-content\/uploads\/2020\/11\/puri.jpg?w=1024\" alt=\"\" class=\"wp-image-137\" width=\"299\" height=\"224\"\/><figcaption><strong>PURIFICADORES DE AGUA<\/strong><\/figcaption><\/figure>\n","protected":false},"excerpt":{"rendered":"<p>El Laboratorio de Investigaci\u00f3n y Desarrollo de M\u00e9todos Anal\u00edticos (LIDMA) de la Facultad de Ciencias Exactas dispone espacio que cumple con las condiciones establecidas de seguridad y requerimientos sanitarios. Se cuenta adem\u00e1s con espacio de oficinas. El equipamiento disponible en nuestro laboratorio se detalla a continuaci\u00f3n: &#8211; Cromat\u00f3grafos de l\u00edquidos Agilent: Cromat\u00f3grafo de l\u00edquidos 1:<a class=\"more-link\" href=\"https:\/\/lidma.exactas.unlp.edu.ar\/index.php\/infraestructura\/\">Continue reading <span class=\"screen-reader-text\">&#8220;Infraestructura&#8221;<\/span><\/a><\/p>\n","protected":false},"author":2,"featured_media":0,"parent":0,"menu_order":0,"comment_status":"closed","ping_status":"closed","template":"","meta":{"footnotes":""},"class_list":["post-76","page","type-page","status-publish","hentry","entry"],"_links":{"self":[{"href":"https:\/\/lidma.exactas.unlp.edu.ar\/index.php\/wp-json\/wp\/v2\/pages\/76","targetHints":{"allow":["GET"]}}],"collection":[{"href":"https:\/\/lidma.exactas.unlp.edu.ar\/index.php\/wp-json\/wp\/v2\/pages"}],"about":[{"href":"https:\/\/lidma.exactas.unlp.edu.ar\/index.php\/wp-json\/wp\/v2\/types\/page"}],"author":[{"embeddable":true,"href":"https:\/\/lidma.exactas.unlp.edu.ar\/index.php\/wp-json\/wp\/v2\/users\/2"}],"replies":[{"embeddable":true,"href":"https:\/\/lidma.exactas.unlp.edu.ar\/index.php\/wp-json\/wp\/v2\/comments?post=76"}],"version-history":[{"count":8,"href":"https:\/\/lidma.exactas.unlp.edu.ar\/index.php\/wp-json\/wp\/v2\/pages\/76\/revisions"}],"predecessor-version":[{"id":861,"href":"https:\/\/lidma.exactas.unlp.edu.ar\/index.php\/wp-json\/wp\/v2\/pages\/76\/revisions\/861"}],"wp:attachment":[{"href":"https:\/\/lidma.exactas.unlp.edu.ar\/index.php\/wp-json\/wp\/v2\/media?parent=76"}],"curies":[{"name":"wp","href":"https:\/\/api.w.org\/{rel}","templated":true}]}}